 - (1 + 0) - l?
1
Let t(s) = 5*s**2 + 18*s - 4. Let w(r) = 11*r**2 + 37*r - 7. Let i(q) = 5*t(q) - 2*w(q). Suppose 0 = -j - 4, -5*j = -4*k - 12. What is the tens digit of i(k)?
5
Let i(s) = s**2 + 7*s + 2. Let t be i(-7). Suppose -5*p + 18 = t*k, 5*p + 4 = k + 25. Suppose 9 = -3*q, 33 = p*x - q - 2*q. What is the units digit of x?
6
Let k = 478 + -136. What is the tens digit of k?
4
Let v(t) = -14*t - 55. Suppose 2*w + 33 = -2*l - 3*w, -3*l - 2*w - 44 = 0. What is the hundreds digit of v(l)?
1
Suppose 2*r + 0 = 4. Suppose 4*k - r*k - 46 = 0. What is the tens digit of k?
2
What is the units digit of (-2878)/(-10) - (-4)/(28 + -8)?
8
Let w(b) = 4*b**2 - 76*b - 128. What is the tens digit of w(45)?
5
Suppose 3*n + 777 = -3*z - 0*n, 5*z = 3*n - 1335. What is the units digit of (-7)/(-4)*z/(-6)?
7
Suppose -7*j + 2*j + 10 = 0. Suppose j*k - 2 - 2 = 0. What is the units digit of k + 23 + (2 - 0)?
7
Suppose -8*l - 5*r + 110 = -6*l, 4*l - 242 = r. Let g be (6/(-9))/(4/(-30)). Suppose 4*t = -g*q + 27 + 60, 3*q - l = -5*t. What is the tens digit of q?
1
Suppose 8 = 4*d - 4*y, -3*d = 2*d - 2*y - 25. What is the tens digit of 84*(3 + (-15)/d)?
7
Let d = -1118 + 2097. What is the hundreds digit of d?
9
Let u(f) = 0*f - 2*f**2 + f + 5*f**2 + 79 - 83. What is the units digit of u(-5)?
6
Suppose 0 = 9*j - 6*j. Suppose 0 = -m + 5, j*m + 4*m = -4*x + 252. What is the units digit of x?
8
Suppose 3*g + 32 = 3*m - 2*g, 4*m = -5*g - 4. Let p be 71/(-3) - m/(-6). Let s = p + 38. What is the tens digit of s?
1
Let u(b) = b**3 + 10*b**2 + 4*b - 7. Let i be u(-9). Let a be (-7 - -5)/(-2)*3. Suppose c - a*c = -i. What is the units digit of c?
9
Let z be (0 + -1)/((-11)/132). Let c = z - 10. What is the units digit of 1/((-3)/(-144)*c)?
4
Let t(h) = -h**3 + 27*h**2 - 2 + 0 - 6*h - 17*h**2. What is the tens digit of t(9)?
2
Suppose 7*f = 10*f - 435. Suppose 3*s - f = -2*c, s - 305 = -4*c - 0*s. What is the units digit of c?
7
Let q = 48 - 47. What is the units digit of ((-87)/9)/(q/(-3))?
9
Let v = 99 + -71. Let b = v + -26. What is the units digit of ((-3)/b)/(18/(-156))?
3
Let i(s) be the third derivative of 12*s**6/5 + s**3/6 - 41*s**2. What is the units digit of i(1)?
9
Suppose -17*j - 673 = 177. What is the tens digit of j/(-3) - 3/(-10 + 1)?
1
Let u be (4/(-5))/(-2 + 24/10). Let q(i) = 30*i**2 + 3*i + 2. What is the hundreds digit of q(u)?
1
Let z(j) = 11*j**2 - 4*j**3 + 4*j - j + 43 - 51 + 5*j**3. What is the tens digit of z(-10)?
6
Suppose -a + 6*v + 3 = v, -4*a = v - 12. Suppose -200 = -5*n - a*n. What is the tens digit of n?
2
Let r(u) be the third derivative of -u**4/24 + 17*u**3/6 - 7*u**2. Let t be r(12). Suppose t*n + 186 = 8*n. What is the tens digit of n?
6
Suppose -2*a - 4*b + b - 6 = 0, -4 = 4*a + 2*b. Suppose g + 5 = 0, t - 6*t + 5*g + 140 = a. What is the tens digit of t?
2
What is the hundreds digit of 2*92*((-297)/(-18) + -9)?
3
Suppose -y - 3*y + 2*n - 10 = 0, 0 = -5*y - 4*n - 6. Let a be 2/4*(-40)/y. Suppose 0 = a*s - 7*s - 138. What is the units digit of s?
6
Let g = -48 - -112. What is the tens digit of ((-8)/(g/(-14)))/(2/328)?
8
Let l(u) = -u**2 + 50. Let q be (0 - 1)*0/(-6). What is the units digit of l(q)?
0
Let g = 268 - 263. Suppose -n = -70 - 36. Suppose -n = -g*p + d - 35, -31 = -2*p + 3*d. What is the tens digit of p?
1
Suppose z + 4*z + 1690 = 3*i, -2*z = 4*i - 2262. What is the hundreds digit of i?
5
Suppose 207*x - 20784 = 199*x. What is the units digit of x?
8
Let m(v) = -v**3 - 4*v**2 + 2*v + 9. Let z be m(-4). Suppose -3*a = 13 - z, -2*a = -l + 188. What is the units digit of l?
0
What is the thousands digit of 135/315 + 16125/7?
2
Suppose 4*j = 8*j + 16, 4*j = -3*q + 6131. What is the tens digit of q?
4
Suppose -2*b - 200 + 670 = 0. Suppose -3*y + b = a + 4*a, 2*y - 140 = -3*a. What is the units digit of a?
0
Let g(l) = 67*l + 389. What is the units digit of g(24)?
7
What is the hundreds digit of 2820/3 + 0/2 + -3?
9
What is the units digit of (-21)/49 - 2823/(-21)?
4
Let o = -6 - -6. Let y be (-2 + o)*(2 - 0). What is the units digit of (-149)/y - 2/8?
7
Suppose 28 = 7*p - 3*p. Let g(y) = y**2 - 6*y + 6. Let s be g(p). Let n = s + -3. What is the tens digit of n?
1
Suppose 0*s = -5*s - 35. Let g(c) = -c - 6. Let o be g(8). What is the units digit of (-2)/s + (-108)/o?
8
What is the thousands digit of (-9)/((-18)/2560) + 6?
1
Let g be (-4)/(-2) + -3 + 3. Suppose -5*k + 2*k - g*u - 3 = 0, -5*u = -15. What is the units digit of ((-15)/(-10))/(k/(-18))?
9
Suppose -327*w + 324*w = -216. What is the tens digit of w?
7
Suppose -5*p = -7 - 8. Suppose p*q = 2*a + 109, 3*q + 2*q - a = 170. What is the tens digit of q?
3
Suppose -16*x + 44 = 6*x. Let g(v) = -v**2. Let d be g(0). Suppose d = -c + x + 14. What is the tens digit of c?
1
Let n = -5 - -12. Suppose -n = 2*c + 41. What is the tens digit of (12/c)/(2/(-56))?
1
Let p(d) = 164*d**2 + 11*d - 4. Let v(h) = -246*h**2 - 17*h + 6. Let o(b) = 8*p(b) + 5*v(b). What is the tens digit of o(1)?
8
Let a(y) = 2*y**2 + 23*y + 37. What is the tens digit of a(-16)?
8
Let w(n) = -n**3 + 36*n**2 + 7*n + 44. What is the tens digit of w(36)?
9
Let v(c) = -38*c - 74. What is the tens digit of v(-5)?
1
Suppose -5*v + 13*r = 17*r - 19791, -2*r = 4*v - 15834. What is the units digit of v?
9
Let d = -101 - -59. What is the units digit of (-2)/7 + 3/d*-998?
1
Let z(m) = m**3 + 31*m**2 - 35*m - 40. What is the units digit of z(-30)?
0
Suppose 3*o = 2*m + 340, -19*m + 16*m = -4*o + 452. What is the units digit of o?
6
Suppose 0 = o + 2*y - 12, -y + 3 = -o + 2*y. Let x(u) be the second derivative of -u**5/20 + u**4/2 + u**3/2 + 4*u**2 - 3*u. What is the units digit of x(o)?
6
Let s(v) = 2*v - 1. Let c be s(2). Suppose k = -5*m + 138, -3*m + 8*m = -c*k + 134. What is the tens digit of m?
2
Let g(i) = -2*i**3 - 17*i**2 + 9*i - 13. Let l be g(-9). What is the tens digit of (110/(-7))/(l/273)?
3
What is the units digit of 23328/30 + 2 + (-8)/(-20)?
0
Let o = -25 + 69. Suppose 4*s - o = -4*h, -4*h + 21 + 24 = 5*s. Let r = 22 - h. What is the units digit of r?
2
Suppose -3*d - k + 1318 = 0, -4*d = 3*k - 1316 - 443. What is the hundreds digit of d?
4
Let m = 2 - 4. Let v(p) = -2*p**2 + 8*p**2 - 1 - 3*p - 2*p**2 - 2*p**2. What is the units digit of v(m)?
3
Suppose -a = 5*s - 27, 27*a = 26*a + s + 15. What is the units digit of a?
7
Let x = 107 - 103. Suppose 556 = x*i + 4*z, -2*z - 293 = -2*i + z. What is the hundreds digit of i?
1
Suppose 4*q = 8, 3*p + 2*q - 3 = 2*p. Let x(h) = 284*h**2. Let g be x(p). Suppose 2*m + 338 = 5*v, -5*m = -6*v + 2*v + g. What is the units digit of v?
6
Let w = -85 - -97. What is the tens digit of ((-1658)/9 - w/(-54))/(-2)?
9
Let v(j) be the third derivative of -1/6*j**3 - 1/30*j**6 + 0*j + 2*j**2 + 0 - 1/20*j**5 + 1/12*j**4. What is the units digit of v(-3)?
4
What is the hundreds digit of ((-4488)/28)/(3/(-14))?
7
Suppose 5*z = 7595 + 5435. What is the tens digit of z?
0
Suppose 3*l - 4*v + 10 = 2, 2 = 3*l - 2*v. Suppose -l*n = -5*n. Suppose 4*t - 9 = -0*j - j, 2*j - t - 9 = n. What is the units digit of j?
5
Let a(w) = w**3 - 6*w**2 - w + 14. Let j be a(6). Suppose 0 = j*b - 6*b - 22. What is the units digit of b?
1
Let g(y) = y**2 - 6*y + 9. Let d be g(4). Let h = 3 - d. What is the units digit of 4/(-8)*h - -6?
5
Let k = -4338 - -7280. What is the units digit of k?
2
Suppose 3*z + 4*g = 14822, -45*g = 3*z - 47*g - 14846. What is the tens digit of z?
4
Suppose -3*i + i = 28. Let b(q) = -8*q - 23. What is the tens digit of b(i)?
8
Let b = -420 - -564. What is the hundreds digit of b?
1
What is the units digit of 801/3 + (4 + -3)*-2?
5
Suppose -5*l - 5*z = 1 + 9, -3*z = -5*l - 34. What is the tens digit of 158*(-1)/l*5?
5
Let a = 100 - 0. Let o = -37 + a. What is the units digit of o?
3
Suppose -18*c = 9*c - 162. Let p be -2 + 0 + (41 - 0). Let f = c + p. What is the units digit of f?
5
What is the units digit of ((-6)/(-4))/((-10)/(-160)*12)?
2
Let y(m) = m**3 - 5*m**2 + 20*m + 2. Let g be y(4). Let f = 122 - g. What is the units digit of f?
6
Suppose -7*n + 6*n = -12. What is the tens digit of n/(-18) - (-924)/9?
0
Suppose 10 = 7*a - 18. Suppose 5*n - g = -2*g + 360, -5*g - 288 = -a*n. What is the units digit of n?
2
Suppose 4*p - 10*c - 252 = 0, -p + 55 = -5*c - 13. What is the t